pose 4*f + 0*f = 40. Suppose f = 4*y - 10. List the prime factors of y.
5
Let c = 12 + -12. Suppose d + c = 14. What are the prime factors of d?
2, 7
Suppose -3*k + 21 = -4*q - 101, 0 = -3*q + 3. Suppose 0*b = 3*b - k. What are the prime factors of b?
2, 7
Let q = -65 + 92. Let j = q + -13. What are the prime factors of j?
2, 7
Let c(r) = -r**2 + 5*r + 6. Let y be c(7). Let h be 2/(-4)*(y + 6). What are the prime factors of (-2 - 14)/(-2)*h?
2
Let r(n) = -n**2 + 4*n + 10. Let b be r(5). Suppose -j + 25 = 5*x + j, x + b*j = 28. What are the prime factors of x?
3
Suppose -2*a + 39 - 7 = 0. Let k(d) = d**2 - 4*d - 1. Let h be k(5). List the prime factors of 3/h*a/2.
2, 3
Suppose -5*z - p = -0*p - 144, -5*z - 3*p = -152. List the prime factors of z.
2, 7
Suppose r - 8 = -r. Let u be ((-2)/4)/(r/(-208)). Let c = 37 - u. What are the prime factors of c?
11
Let x(z) = -2*z - 6. Let v(s) = -15*s - 3. Let f be v(-7). Let i be (-6)/(-21) + f/(-14). List the prime factors of x(i).
2
Suppose -2*w = -35 - 43. List the prime factors of w.
3, 13
Let l = 37 - 14. Let h = l + -14. What are the prime factors of h?
3
List the prime factors of 4/6*2412/24.
67
Suppose 4*z - 7 = 1. What are the prime factors of z?
2
Suppose -2*y = -2*x - y + 17, 8 = -2*x - 4*y. Suppose 3*h - x = h. List the prime factors of h.
3
Suppose -2*a + 5*a + 5*i = 38, 4*a - 39 = 5*i. What are the prime factors of a?
11
Suppose 2*x - 3*x = -16. Let h be 540/x + 1/4. Suppose 3*u = 4*s - 5*s + h, 0 = -5*u - 3*s + 54. List the prime factors of u.
2, 3
What are the prime factors of (-43)/((-4)/(-48)*-3)?
2, 43
Let i(l) = 6*l - 5. List the prime factors of i(11).
61
Let k(t) = -t**3 - 9*t**2 + 9*t - 3. Let c be k(-10). Let w be (-2)/c - 102/(-14). Suppose 0*s = -s + w. List the prime factors of s.
7
Suppose -6*q + 4*q = 5*f - 94, 5*q + f = 235. List the prime factors of q.
47
List the prime factors of ((-26)/104)/(2/(-200)).
5
Let k = -10 + 46. What are the prime factors of k?
2, 3
Let m(t) = 3*t + 10. List the prime factors of m(6).
2, 7
Let j(d) = d + 13. Let k be j(-11). Suppose -3*w = -o + k*w - 23, 5*o - w = 5. Suppose 0 = r - m - o - 3, 8 = r - 4*m. What are the prime factors of r?
2
Let p(z) = 27*z. What are the prime factors of p(1)?
3
Suppose 4*h = 275 + 257. What are the prime factors of h?
7, 19
Suppose 2*p + b - 117 = -3*p, p - b = 27. List the prime factors of p.
2, 3
Suppose j = 3*l + 129 + 11, 4*j - 544 = 4*l. List the prime factors of j.
2, 67
Let l(p) = p**3 - 6*p**2 + 8*p + 5. What are the prime factors of l(6)?
53
Let x = -9 + 14. Suppose -2*n - 2*a = -0*n - 10, -2*a = -x*n + 25. What are the prime factors of n?
5
Let f(c) = -2*c - 2 - c - c**2 + 6*c**2 - 4*c**2. What are the prime factors of f(4)?
2
Let i(t) = -t + 18. Let w = 3 + -13. Let y be 10/25 + 4/w. List the prime factors of i(y).
2, 3
Suppose 0 = m + 2*m - 465. Suppose 2*s = -3*s + m. What are the prime factors of s?
31
Let x(v) = 0 - 6*v + 4*v + 1. Let k be x(1). What are the prime factors of k - -8 - 0 - 0?
7
Let v be (-4)/10 - 182/(-5). Suppose 57 = -3*l + 5*i - 9, 22 = -l - 4*i. Let g = l + v. What are the prime factors of g?
2, 7
Suppose 12 = -2*o + 3*o. List the prime factors of o.
2, 3
Suppose 0 = 3*o + 3*s - 9, -4*o + 19 = -0*o - 3*s. Let m be (o/3)/(1/(-6)). Let c = m + 13. What are the prime factors of c?
5
Let v = -1 - -5. Suppose 4*x = 16 - v. What are the prime factors of (x/4)/((-1)/(-28))?
3, 7
Let b(k) = 8*k**2 - k + 1. List the prime factors of b(-3).
2, 19
Let o be 18/8 - (-2)/(-8). Let a(q) = -o*q**2 - 4 - 2*q + 1 + 3*q**2. List the prime factors of a(4).
5
Let b(j) = 3*j**2 - 7*j - 55. Let y(z) = -z**2 + 2*z + 18. Let m(v) = 2*b(v) + 7*y(v). List the prime factors of m(0).
2
Suppose 0 = 3*l + 2*c - 10, -5*l - 3*c = 2*c - 25. Suppose 2*m = -l*m + 8. What are the prime factors of m?
2
Suppose -240 = -14*n + 9*n. What are the prime factors of n?
2, 3
Suppose -5 = -2*o + o, 0 = -r + 3*o + 3. What are the prime factors of 346/r + (-6)/27?
19
Suppose 0 = 11*s - 10*s - 55. List the prime factors of s.
5, 11
Let c = -10 + 30. Let h = 9 - c. Let v = h + 15. What are the prime factors of v?
2
Let s(j) = j**2 + 16*j + 7. Let f(l) = -l**2 - 15*l - 7. Let w(k) = 6*f(k) + 5*s(k). What are the prime factors of w(-8)?
3
Suppose 0 = 2*x - 43 - 35. Suppose -k + 43 = -3*f, -76 = -5*k - 5*f + x. Suppose 6*i - 3*i - k = -5*g, 0 = -5*g - 4*i + 24. What are the prime factors of g?
2
Let n(v) = 2*v**2 - 3*v + 2. Let u be n(2). Let j be (4/6)/((-8)/(-84)). Suppose 3*p + j = g + 3, -2*g = -u*p - 8. What are the prime factors of g?
2
Let u(h) = 2*h - 1. Let q be u(3). What are the prime factors of 5*((-18)/q)/(-2)?
3
Let y(o) = o**2 - 8*o + 6. Let s be y(8). Suppose c - 6 = -3*z, c - 4*z = -16 - s. What are the prime factors of ((-3)/c + -1)*-12?
2, 3
Let h(o) = -o**3 + 11*o**2 + 14*o - 7. Let w be h(11). What are the prime factors of w/(-14)*(-4)/3?
2, 7
Suppose 260 = -0*p + 4*p. What are the prime factors of p?
5, 13
Let n = 92 - 75. List the prime factors of n.
17
Let d = 386 - 221. What are the prime factors of d?
3, 5, 11
Let k(u) = -u**2 - 10*u - 10. Suppose 3*i - 9 = 0, -5*i = 4*g - g + 12. Let v be k(g). Let w(h) = -19*h + 1. List the prime factors of w(v).
2, 5
List the prime factors of (-2)/(-6) - (-68)/3.
23
Let t = 39 + -4. List the prime factors of t.
5, 7
Suppose -5*s + 165 - 15 = 0. Suppose 4*u = -u + s. What are the prime factors of u?
2, 3
Let y = 0 + 0. Suppose y*t = -2*t + 6. Suppose 1 = x - 1, 1 = j - t*x. List the prime factors of j.
7
Suppose 8 = f + 3*q, 0 = -3*f - 5*q + 3 + 17. List the prime factors of f.
5
Let u be (-7)/((-21)/(-6))*-1. Let m(h) = 3*h**3 - 4*h**3 - 2 + 0 - h - u*h**2 + h**2. List the prime factors of m(-3).
19
Suppose q + 168 = 3*q. List the prime factors of q.
2, 3, 7
Suppose 4*c - 143 + 23 = 0. List the prime factors of c.
2, 3, 5
Let o(d) = -4*d. Let k be o(-1). Let l be ((-2)/k)/(1/(-10)). Let z(c) = c + 1. What are the prime factors of z(l)?
2, 3
Suppose 3*t = -a + 45, a + 75 = 5*t - 3*a. Suppose 2*h + 25 = -3*z, 0 = -4*h + 3*h + 4*z + t. Let k = h + 18. List the prime factors of k.
13
Suppose -18*p = -16*p - 608. List the prime factors of p.
2, 19
Let r be (26/5)/(2/(-10)). Let b(n) = 36*n**3 - 2*n**2 + n + 1. Let s be b(1). Let x = r + s. List the prime factors of x.
2, 5
Let w(i) = -i**3 - 10*i**2 + 8*i - 12. Suppose -23 + 12 = d. What are the prime factors of w(d)?
3, 7
Let j(s) = -s**2 - 29*s - 6. What are the prime factors of j(-14)?
2, 3, 17
Suppose x + 3*y + 0 = -3, 5*x + 3*y = 21. What are the prime factors of x?
2, 3
Suppose -4*w + 5*s - 11 = -3*w, 0 = -4*w - 4*s + 52. List the prime factors of 2/w + 156/27.
2, 3
Let m(p) = -p**3 + 3*p**2 + 5*p - 7. List the prime factors of m(3).
2
Suppose -3*r + 284 = 5*g, 2*r + 2*r + 2*g - 360 = 0. Suppose -2*x + 5*x = -3*q + 42, -5*x + q + r = 0. What are the prime factors of x?
17
Suppose -3*q = -5 - 7. Suppose -5*l - 3*b = -33 + 4, -3*l = -q*b. Suppose -8 = -l*y - 0*y. List the prime factors of y.
2
List the prime factors of (-1)/((14/76)/(-7)).
2, 19
Let c = -70 - -102. What are the prime factors of c?
2
Suppose -12 = 3*v - 237. Let r = v - 40. What are the prime factors of r?
5, 7
Let i(j) = j**2 - 4*j + 7. Let z be i(5). Let t be (-88)/(-16) + (-2)/4. Suppose -t*h + h = -z. List the prime factors of h.
3
Suppose -4 - 1 = 5*i. Let a(o) = 3*o - 1. Let u be a(i). Let l(t) = t**3 + 3*t**2 - 6*t - 4. What are the prime factors of l(u)?
2
Suppose -2*r + 0*r + 604 = -3*s, -1499 = -5*r + 2*s. List the prime factors of r.
13, 23
Let a(i) = -4*i + 4*i - 3*i. Let b be 3/(-9) - (-4)/(-6). What are the prime factors of a(b)?
3
Let u(n) be the first derivative of -9*n**2/2 - 3*n + 5. List the prime factors of u(-2).
3, 5
Suppose 0*n - 2*d = -4*n + 22, 2*n + 4*d = -14. Suppose 5 - 29 = -n*l. Let r = 11 - l. What are the prime factors of r?
3
Let o = -7 - -12. Suppose 5*g - 10 = -0*g + o*v, 2*v + 10 = 0. Let t = g + 11. What are the prime factors of t?
2
Suppose -6*s + 4*s = -4. Suppose 0 = s*k - 11 + 3. What are the prime factors of k?
2
Let f be (-27)/(-6)*4/3. Suppose -2*u + 8 = 0, u + 12 = f*l - 2*l. List the prime factors of (-5)/(1*(-2)/l).
2, 5
Let o(j) = j**3 + 11*j**2 + 12*j + 6. Let s be o(-10). Let u = s - -34. List the prime